{"id":122,"date":"2024-12-25T21:21:45","date_gmt":"2024-12-25T20:21:45","guid":{"rendered":"https:\/\/staging.alenj.net\/?page_id=122"},"modified":"2024-12-25T21:22:11","modified_gmt":"2024-12-25T20:22:11","slug":"cjenik","status":"publish","type":"page","link":"https:\/\/staging.alenj.net\/index.php\/cjenik\/","title":{"rendered":"Cjenik"},"content":{"rendered":"\n<p><strong>Individualna psihoterapija (online i u\u017eivo) &#8211; <\/strong>50 eura (trajanje 60 min)<\/p>\n\n\n\n<p><strong>Partnerska psihoterapija &#8211; <\/strong>70 eura (trajanje 90 minuta)<\/p>\n\n\n\n<p><em><strong>Grupe podr\u0161ke<\/strong> <\/em><em>&#8211; 30 eura po \u010dlanu<\/em><\/p>\n\n\n\n<p><em><strong>Edukativne i iskustvene radionice i seminari &#8211; <\/strong><\/em><em>30 eura po \u010dlanu<\/em><\/p>\n\n\n\n<p><\/p>\n","protected":false},"excerpt":{"rendered":"<p>Individualna psihoterapija (online i u\u017eivo) &#8211; 50 eura (trajanje 60 min) Partnerska psihoterapija &#8211; 70 eura (trajanje 90 minuta) Grupe podr\u0161ke &#8211; 30 eura po \u010dlanu Edukativne i iskustvene radionice i seminari &#8211; 30 eura po \u010dlanu<\/p>\n","protected":false},"author":1,"featured_media":0,"parent":0,"menu_order":0,"comment_status":"closed","ping_status":"closed","template":"","meta":{"_uag_custom_page_level_css":"","footnotes":""},"class_list":["post-122","page","type-page","status-publish","hentry"],"uagb_featured_image_src":{"full":false,"thumbnail":false,"medium":false,"medium_large":false,"large":false,"gs-tiny":false,"xl":false,"xxl":false,"xxxl":false,"xxxxl":false,"xxxxxl":false,"1536x1536":false,"2048x2048":false},"uagb_author_info":{"display_name":"admin","author_link":"https:\/\/staging.alenj.net\/index.php\/author\/admin_2g2wit2w\/"},"uagb_comment_info":0,"uagb_excerpt":"Individualna psihoterapija (online i u\u017eivo) &#8211; 50 eura (trajanje 60 min) Partnerska psihoterapija &#8211; 70 eura (trajanje 90 minuta) Grupe podr\u0161ke &#8211; 30 eura po \u010dlanu Edukativne i iskustvene radionice i seminari &#8211; 30 eura po \u010dlanu","_links":{"self":[{"href":"https:\/\/staging.alenj.net\/index.php\/wp-json\/wp\/v2\/pages\/122","targetHints":{"allow":["GET"]}}],"collection":[{"href":"https:\/\/staging.alenj.net\/index.php\/wp-json\/wp\/v2\/pages"}],"about":[{"href":"https:\/\/staging.alenj.net\/index.php\/wp-json\/wp\/v2\/types\/page"}],"author":[{"embeddable":true,"href":"https:\/\/staging.alenj.net\/index.php\/wp-json\/wp\/v2\/users\/1"}],"replies":[{"embeddable":true,"href":"https:\/\/staging.alenj.net\/index.php\/wp-json\/wp\/v2\/comments?post=122"}],"version-history":[{"count":2,"href":"https:\/\/staging.alenj.net\/index.php\/wp-json\/wp\/v2\/pages\/122\/revisions"}],"predecessor-version":[{"id":124,"href":"https:\/\/staging.alenj.net\/index.php\/wp-json\/wp\/v2\/pages\/122\/revisions\/124"}],"wp:attachment":[{"href":"https:\/\/staging.alenj.net\/index.php\/wp-json\/wp\/v2\/media?parent=122"}],"curies":[{"name":"wp","href":"https:\/\/api.w.org\/{rel}","templated":true}]}}